.
3
What are the prime factors of 21 - (3 + -3) - (-2 + 1)?
2, 11
Let i(q) = q + 7. Let y be i(-10). What are the prime factors of (2 + y)/((-2)/6)?
3
Let s be 3*(-2)/(-6) + -1. Let f be s + (-1)/2*-4. List the prime factors of 9 - 6/f*1.
2, 3
Suppose 3*r + 11 = w, 5*w + 0 - 4 = -2*r. Suppose 4*p = -w*i + 54, 0 = -4*i + 3*i - 3*p + 27. List the prime factors of i.
3
Suppose 9 + 11 = -4*b. What are the prime factors of 5/(b/(-16)) - 1?
3, 5
Let b be 2/6 + 5/3. Let m be b*3/12*6. Suppose m*p - 14 - 7 = 0. List the prime factors of p.
7
What are the prime factors of -5 + (-1252)/(-14) + (-8)/(-14)?
5, 17
Suppose 0 = i - 0 + 1. List the prime factors of -6 - -25 - (-1 - i).
19
Suppose -942 = -5*n - 4*u, -2*u - 15 + 21 = 0. What are the prime factors of n?
2, 3, 31
What are the prime factors of (-5 - (-84)/15) + 1254/10?
2, 3, 7
List the prime factors of 9/(-36) - (-927)/12.
7, 11
Suppose 87*y - 80 = 79*y. List the prime factors of y.
2, 5
Let x(o) = o**2 - 5*o + 14. List the prime factors of x(-10).
2, 41
Let d = 1 + 16. List the prime factors of d.
17
Let d = 298 - 206. List the prime factors of d.
2, 23
Suppose 6*s = 2*s. What are the prime factors of 6 - (-2 + s) - 1?
7
Suppose -4*t + 568 = 4*i, 2*t + 288 = -i + 3*i. What are the prime factors of i?
11, 13
Let d = 9 - 3. What are the prime factors of d?
2, 3
Let j = -11 + 11. Suppose 5*z + 0*q + q = 108, -3*q + 9 = j. What are the prime factors of z?
3, 7
Suppose -4*h + r = 6*r + 10, 4*h = r + 2. Suppose h = -4*a - 3*k + 45, a + 2*k = -a + 20. List the prime factors of a.
3, 5
Let w(i) = -3*i - 3. Let p be w(-2). Suppose 4*r = t + 4*t - 35, p*r + 3 = -4*t. List the prime factors of t.
3
Let h be (-3 + 2)*(1 + -1). Let c be (h/3 + 2)/1. Suppose w - 42 = -c*w. List the prime factors of w.
2, 7
Let n be 6/21 - (-99)/21. Let w be (0 - 2) + (n - -2). Let v = 12 - w. What are the prime factors of v?
7
Let x = -4 - -3. Let n = 3 - x. Suppose -60 = -l - n*l. What are the prime factors of l?
2, 3
What are the prime factors of 3*1124/12 - -2?
283
Let y(x) = 7*x - 4. List the prime factors of y(4).
2, 3
Let a be (12 - (-3 - -2)) + -1. Let b be 1/(-2)*(a + 0). Let p = b - -18. What are the prime factors of p?
2, 3
Let k = 6 + 0. What are the prime factors of k/(-10) - 46/(-10)?
2
Suppose -124 = -7*x - 5. Suppose x = 4*l - 95. What are the prime factors of l?
2, 7
Suppose -165 = 31*i - 36*i. List the prime factors of i.
3, 11
Suppose -11 = 3*s + 2*c, 3*c = 2*s - 0 + 3. Let w(h) = h - 3 - 3*h + 0. List the prime factors of w(s).
3
Suppose 2*g + 416 = 2*n + 6*g, 3*n = 5*g + 646. What are the prime factors of n?
2, 53
Let i(r) = -r**2 + 7*r + 9. Suppose -c + 15 = -4*f, 4*c + 2*f - 18 = 6. List the prime factors of i(c).
3
Suppose 3*q - 8*q + 10 = 0. Suppose 0 = -2*k + 4*f + 8, -5*k - 4*f = -8 - 12. List the prime factors of (3 - q)*k/2.
2
Suppose -2*b - 2*b + 8 = 0. Suppose -r + 3 = -b*c - 0, r = c + 3. List the prime factors of r.
3
Suppose -108 = -2*d - 3*a, -5*d + 0*a = -3*a - 249. What are the prime factors of d?
3, 17
Let m = 7 + -5. Suppose 0 = -m*a + 6*a, 3*v - a = 18. What are the prime factors of v?
2, 3
Suppose 19 = 2*h + 2*h + 3*n, 5*h - 3*n = 44. Let z = -8 + 11. Suppose z*o - h*o + 72 = 0. What are the prime factors of o?
2, 3
Let i(m) = m**2 + 4*m + 3*m**2 - 3*m - 2. Let c = -49 + 47. List the prime factors of i(c).
2, 3
Let q(i) be the third derivative of i**6/120 + i**5/30 - 2*i**2. Let n be q(-2). Suppose -2*j - j + 30 = n. List the prime factors of j.
2, 5
Let r(z) = -3*z**3 + 15*z**2 + 18*z + 23. Let h(s) = 16*s**3 - 75*s**2 - 91*s - 116. Let g(d) = 2*h(d) + 11*r(d). List the prime factors of g(16).
3, 7
Suppose 4*l - 360 = -3*j, 2*j = 4*l - 574 + 194. List the prime factors of l.
3, 31
Let q(z) = z**2 + 2*z - 5. Let c be q(-4). Suppose -15 = -m - c. What are the prime factors of m?
2, 3
Let r be -2 - (-3)/(-1)*-2. Suppose r*n = n. Suppose 2*i = -4*c + 12, -5*i - 3*c + 5 + 18 = n. What are the prime factors of i?
2
Let b(s) = s**3 - 5*s**2 - 5*s - 5. Let o be b(6). List the prime factors of o*(28 - (-3 - 0)).
31
Suppose -3*o + 0*o - 2*p = -689, 4*p - 446 = -2*o. What are the prime factors of o?
233
Let c(n) = -2*n**2 - 8*n + 5. Let a be c(-6). Let k = a - -33. List the prime factors of k.
2, 7
Let d(n) be the first derivative of -n**4/4 - 2*n**3/3 - 2*n**2 - 3*n - 2. Let j be d(-2). Suppose j*z - 17 = 8. List the prime factors of z.
5
Suppose d = -2*d + 3*w - 51, 78 = -5*d - 2*w. Let k = d - -24. What are the prime factors of k?
2
What are the prime factors of (22/(-6) + 2)*-42?
2, 5, 7
Suppose 2*v + v - 35 = -4*f, -2*v - 4*f + 30 = 0. Suppose v*o = o. Suppose o = 4*p - 18 - 10. List the prime factors of p.
7
Let y(p) = -1. Let f(d) = 9*d + 9. Let h(i) = -f(i) - 6*y(i). List the prime factors of h(-2).
3, 5
Let l = 40 + -28. List the prime factors of l.
2, 3
Suppose 0 = q + 11 - 51. What are the prime factors of q?
2, 5
What are the prime factors of 25/2 + 2/4?
13
Let c(f) = 2*f**2 + 5*f - 4. Suppose 4*t = -5*z - 29, -3*z - 23 + 9 = -t. What are the prime factors of c(z)?
3, 7
Suppose 2*z = 5*z - 6. Let p = z - 2. What are the prime factors of 0 - -6 - (-1 + p)?
7
Suppose 2*x = 4*c - 1086, -x + 2*x = c - 274. List the prime factors of c.
269
What are the prime factors of 12 + -9 - (-11 + 1)?
13
Let w(k) = k**2 + 3*k + 8. List the prime factors of w(-5).
2, 3
Suppose v - 14 = -v. Let g = 9 - v. What are the prime factors of g?
2
Suppose 4*k = k + 9. Let x be (k + -1)*(-5)/(-10). Suppose -13 + x = -2*y. List the prime factors of y.
2, 3
Let o(n) be the first derivative of -n**4/4 + n**2/2 - n - 3. Let a be o(-2). Suppose a*k - 6 - 9 = 0. List the prime factors of k.
3
Suppose 0*c + 10*c - 1520 = 0. What are the prime factors of c?
2, 19
Let c(o) = o**3 + 7*o**2 - 5*o + 8. Let h(p) = -2*p**3 - 14*p**2 + 11*p - 16. Let l(i) = 9*c(i) + 4*h(i). List the prime factors of l(-7).
3, 5
Suppose -2*a - a + 4*s + 29 = 0, 0 = -3*a + 5*s + 31. List the prime factors of a.
7
Suppose 9*v - 1584 = -3*v. What are the prime factors of v?
2, 3, 11
Let c(g) = -3 + 3*g + 0 + 6*g**2 + 0. List the prime factors of c(2).
3
Let z(b) be the second derivative of b**5/20 + b**4/4 - b**3 - 5*b**2/2 + 2*b. What are the prime factors of z(-4)?
3
Let o be (-9 + -2)*(2 + -1). Let x = 7 + o. Let z = 6 + x. List the prime factors of z.
2
Let a(i) = 6*i**2 - 11*i - 9. Let q(d) = 5*d**2 - 10*d - 9. Let n(v) = 4*a(v) - 5*q(v). What are the prime factors of n(7)?
2
Suppose 0 = x + 3, -19 = -2*s + 2*x - 3*x. Let w = s + -5. List the prime factors of w.
2, 3
Suppose 0 = y + 5*a - 64 + 6, 0 = 2*y - 5*a - 131. List the prime factors of y.
3, 7
Let y = 5 + -2. Let x be (-1)/(-3) + 11/y. What are the prime factors of x + 3 + -2 + -3?
2
Let y(a) = -6*a - 53. What are the prime factors of y(-18)?
5, 11
Let o(t) = t - 5. Let s be o(8). Suppose 0 = s*y - 4*m + 14, -2*y + 31 = y + 5*m. Suppose -y = 4*u - 14. What are the prime factors of u?
3
Let j = 221 + -141. List the prime factors of j.
2, 5
Let y = 26 + -23. Suppose n - 196 = -y*n. List the prime factors of n.
7
Let n(p) = -7*p**3 - 3*p**2 - 2*p. Suppose -2*w = 2 + 2. Let y be n(w). Suppose h = -3*h + y. What are the prime factors of h?
2, 3
Let d be 1*(-6)/(-5 - -2). What are the prime factors of 68/16 + d/(-8)?
2
Let j(b) = b**3 + 7*b**2 - 9*b + 3. Let x be j(-7). Suppose -4*h + x = 3*m, 5*m = h + 4*h - 100. List the prime factors of h.
2, 3
Let h be 2/2 - (-2 + -23). Suppose -3*o - 5*v + h = 0, v - 16 = -3*v. What are the prime factors of ((-28)/(-8))/(1/o)?
7
Let v(u) = u - 1. Let p = -8 - -15. What are the prime factors of v(p)?
2, 3
Let i(c) = -c**2 - 2*c. Let x be i(-3). What are the prime factors of 1*(x - -2)*-14?
2, 7
Let i = 36 + -2. List the prime factors of i.
2, 17
Suppose -6*m + 5*w + 364 = -3*m, 0 = m - 5*w - 118. What are the prime factors of m?
3, 41
Let k(b) = b + 11. Let l be k(-8). Suppose 2*p + 2*p - 92 = 0. Suppose -l*t + 13 = -p. List the prime factors of t.
2, 3
Let h = 129 + -53. List the prime factors of h.
2, 19
Suppose -2 = m - 8. Suppose 4 = 2*x - m. Suppose z + 36 = x*z. List the prime factors of z.
3
Suppose s - 1 = -5. List the prime factors of s/10 + 216/15.
2, 7
Let d(n) = -3*n**3 + 2*n**2 - 1. Let z be d(1). Let y be (-2)/3*3/z. What are the prime